*j - r = j - 33. Let a be (p/j)/((-2)/(-15)). Let u(s) = s**2 + 7*s + 4. Give u(a).
-6
Let v be ((-8)/6)/((-4)/6). Let u(m) = -8 + 7 + 2 + 5*m. Give u(v).
11
Let l(p) = 2*p - 14. Let t(o) = -o - 1. Let q(a) = l(a) + t(a). Give q(0).
-15
Let a(i) = i**2 - 6*i + 5. Let k = -12 + 17. Let t be a(k). Suppose -9 = 3*f - t. Let w(r) = -r**3 - r**2 + 4*r. Calculate w(f).
6
Let q(a) = 4*a**3 + a**2 + 2*a + 1. Suppose -6 = 3*s - 3. Let n be 6 + (-2 - s) + -1. Suppose h - 5*h - n = 0. Give q(h).
-4
Let l(n) be the second derivative of n**3/3 - 3*n**2/2 - n. Let m(a) = -a + 2. Let z be m(-4). Let f be z/27 + (-16)/(-9). What is l(f)?
1
Let m(q) = -3*q**2 + 3*q + 2*q + 1 - 4*q. Let w = 0 + -1. What is m(w)?
-3
Let o(i) be the second derivative of i**5/20 + i**4/2 - i**3 + 7*i**2/2 + 30*i. Give o(-7).
0
Let r(h) = -h**2 + 0 - 4*h + 0*h**2 - 1. Suppose 0 = 11*u - 16*u - 25. Give r(u).
-6
Let y(p) = 6 + p - 3 - 2. Let g be (1 - 0)*(2 - 2). Let a be 2 - g - (0 + -1). Give y(a).
4
Let y(m) = -2*m**3 - m**2 + 2*m + 1. Let w be ((-1)/3)/((-6)/36). What is y(w)?
-15
Let c(v) = 7*v**2 + 18*v + 23. Let w(x) = -4*x**2 - 9*x - 12. Let u(r) = -3*c(r) - 5*w(r). Calculate u(-7).
5
Let p(t) be the second derivative of -1/6*t**4 + 0*t**3 + 0 - t + 0*t**2 - 1/120*t**5 + 1/360*t**6. Let s(f) be the third derivative of p(f). Calculate s(-1).
-3
Let d be -1 - ((-2)/(-1) - 0). Let l(o) = 8*o + 2. Let v(p) = -9*p - 3. Let w(r) = d*v(r) - 4*l(r). Let a = 0 + -1. Determine w(a).
6
Let v(o) = 4*o + o - 15 - 17 - o**2 + 33. What is v(4)?
5
Let c(w) = w**2 + w + 3. Let g be c(0). Let i(z) = 2*z + 0*z**g - z - z**2 + 1 + z**3 - 8. Determine i(0).
-7
Let z be (-81)/(-108) - (-9)/4. Let i(b) = 4*b - 4 + b - 2*b. Determine i(z).
5
Let n(t) = t**3 - t. Let k(x) be the first derivative of x**4/4 + x**3/3 + x**2/2 - x + 4. Let o be k(0). Calculate n(o).
0
Suppose 13*z - 10*z = 6. Let q(c) be the second derivative of -1/10*c**5 + 0*c**4 + 0*c**z + 0 + 2*c + 1/6*c**3. What is q(-1)?
1
Let y(b) be the second derivative of -4*b + 0 + 1/6*b**4 - 1/20*b**5 + 1/3*b**3 - b**2. Give y(3).
-5
Let w(t) = -t**3 - t**2 + t + 13. Let i = -21 - -21. Suppose 4*j - 3*j = i. Determine w(j).
13
Let d be (4 + (-10)/4)*(-10)/(-3). Let l(q) = -q**3 + 6*q**2 - 6*q - 5. Give l(d).
-10
Let k(h) = 6*h + 1. Let l(a) = -a. Let s(u) = -6*k(u) - 39*l(u). Let m(i) = i - 2. Let p be m(2). Let o(w) = w + 4. Let x be o(p). Give s(x).
6
Let a(t) = t - 9. Suppose 7*q - 2*q = 5, -s - 5*q = -11. Determine a(s).
-3
Suppose -5*i + 10 = -15. Suppose i*m + 39 + 11 = 0. Let s = m - -7. Let o(t) = t. Determine o(s).
-3
Let k be 1*-3 + (-22)/(-2). Let q(a) = -k - 4*a + 13 - a + 4*a. Determine q(4).
1
Suppose 4*s - 5 = 5*n + 22, -s + 9 = -2*n. Let o(u) be the second derivative of 3/2*u**2 + u + 5/6*u**3 + 0. Calculate o(n).
-12
Let q(r) be the third derivative of r**4/3 + r**3/3 - 12*r**2. Calculate q(-2).
-14
Let p(l) = 2*l**2 - 2*l - 3. Let f = 38 - 35. What is p(f)?
9
Suppose -2*t + 6 = 0, 26 = 4*c + t - 29. Let p = c - 10. Let i(z) = 2*z**2 - 4*z - 1. What is i(p)?
5
Let n(x) be the third derivative of -6*x**2 + 7/6*x**3 + 0*x + 1/24*x**4 + 0. What is n(0)?
7
Let r(q) = -3*q**3 - 2*q**2 + 6*q - 5. Let g(l) = -7*l**3 - 3*l**2 + 13*l - 9. Let z(p) = 2*g(p) - 5*r(p). Give z(-5).
2
Let z(t) = t**3 + 6. Let w = -8 - -8. What is z(w)?
6
Suppose 3 = 2*w + 1. Suppose -6 + w = 5*m. Let f be (4 - m)*(-8)/10. Let c(x) = x - 3. Determine c(f).
-7
Suppose -3*a = a. Let b(u) = -u**3 - u**2 - u + 5. Determine b(a).
5
Let u(h) = h**3 + 1. Let r be ((-2)/(-6))/((-2)/12). What is u(r)?
-7
Let g(n) = 0*n**3 + n**3 + 2*n**3 + n + 4*n**3 + 1. Determine g(-1).
-7
Let r(p) = -p - 1. Let d(q) = 2*q + 1. Let v(s) = 3*d(s) + 5*r(s). Let l = -21 - -15. Let u = 6 + l. What is v(u)?
-2
Let b(k) be the second derivative of k**4/12 - k**3 + k**2 + k. Let a be 5/(0 - 1 - -2). Suppose a*d + 2 = -4*w + 17, 5*w - 22 = -3*d. Calculate b(w).
-3
Let p(y) = -y**2 + 7*y - 1. Let m(d) = d**2 - 8*d + 2. Let x(r) = 2*m(r) + 3*p(r). Calculate x(5).
1
Let r(m) = -2*m**2 - 4*m. Suppose t = 3 + 3. Suppose t = p - 3*p. Determine r(p).
-6
Suppose -a + 3 = -2. Suppose 0 = -u + a - 3. Let v(h) = -2 + 3*h + 2*h + 0*h - h**u. Calculate v(5).
-2
Let y(v) = 2*v**3 - 3*v**3 + 0*v**3 - 3 - 3*v**2 - v. Suppose -10 - 18 = -2*x. Suppose -n + x = -4*a, -4*a = n + 4 + 6. Determine y(a).
0
Let f(j) = -6*j + 7. Let r(g) = 4*g - 5. Let p(l) = -5*f(l) - 8*r(l). Give p(5).
-5
Let i be (-2)/(-9) - (-6)/(-27). Let r = 1 + i. Let x(w) = 4*w - 1. Calculate x(r).
3
Let z(o) = -3*o + 26. Let d be z(8). Let c(q) = -q**3 + 2*q**2 + 2*q - 1. Calculate c(d).
3
Suppose 0 = -6*f + 2*f. Suppose f*v = -v. Let o(r) = -r - 3. What is o(v)?
-3
Let l(u) = -u**2 + 5*u - 3. Let f(o) = -o + 3. Let h be f(5). Let i be (0 - -1)/(h/(-4)). Suppose 5*z + 5 = 5*n, 4*n - 3*z - 1 = i*z. What is l(n)?
1
Let q be 1/4*(1 - 5). Let l(y) = -y. Let d(g) be the third derivative of -g**6/120 + g**5/60 + 5*g**4/24 - g**2. Let c(f) = q*d(f) - 4*l(f). Determine c(-1).
-1
Let o(m) = 3*m**2 + m**2 - m - m**3 - 4 + m**2. Determine o(4).
8
Let k(g) = 8*g - 8. Let o(i) = -9 - 2 + 9*i + 2. Let z(w) = 7*k(w) - 6*o(w). Determine z(4).
6
Let l = 0 - 1. Let y(k) = 8*k**2 + 5*k - 7. Let x(b) = -12*b**2 - 8*b + 11. Let f(n) = -5*x(n) - 8*y(n). Give f(l).
-3
Let n(y) = y + 2. Let x be n(4). Let g be (1 - (-9)/x)*2. Let w(u) = -u**2 + 6*u + 1. Determine w(g).
6
Let u(d) = -6*d - 9. Let k(j) = -j - 2. Let r(h) = 11*k(h) - 2*u(h). Give r(0).
-4
Let q(c) = -c - 15. Let a be q(-8). Let o = a - -9. Suppose o*z = 4*l + 12, -7*l + 6*l = 2*z + 13. Let k(s) = -s - 6. Give k(z).
-2
Let j be -3*(1 + 0)/1. Let v = j - -4. Let y(f) = 6*f**3 - 4*f - 20 - 2*f**2 + 21 + 4*f. What is y(v)?
5
Let u(z) = 3*z**2 + 2*z + 7. Let l(g) = -g**2 - g - 3. Let v(k) = -5*l(k) - 2*u(k). What is v(-2)?
-5
Let q(k) be the second derivative of -k**6/60 - k**5/60 - k**4/24 - 3*k**2/2 + 7*k. Let y(b) be the first derivative of q(b). Let x = 0 + -1. What is y(x)?
2
Let u(h) = -11*h + 1. Let w(f) = 0 + 3 + 12*f - 4. Let g(p) = -4*u(p) - 3*w(p). Give g(1).
7
Let g(p) be the third derivative of -p**5/15 - p**4/6 - p**3/6 - 26*p**2. What is g(-3)?
-25
Let c be (-17)/(-5) - 4/10. Suppose -5*f + 4*s + 45 = 10, 5*f - 3*s - 30 = 0. Let n(d) = -3*d + f + 4*d - 1. Determine n(c).
5
Let h(z) = 2*z**2 - 3*z. Let b = 2 - 8. Let y be (-2)/(-8) + 26/(-8). Let f = y - b. Give h(f).
9
Let o(x) = -3*x - 1. Suppose -6 - 4 = 5*b. Determine o(b).
5
Let v be -2*(-2)/(-4) + 1. Suppose 10 = 3*k + q, 3*k + 3*q - q - 14 = 0. Let z(m) = -4*m + k*m - 6 + 3*m. Give z(v).
-6
Let h(u) = -u. Let z = -16 - -16. Let b(l) = l**2 - 1. Let t be b(z). Calculate h(t).
1
Suppose -4*y + 4*h - 22 = -6*y, 2*y - 3*h + 13 = 0. Let s(c) = 2*c - 2. Let a(o) = -11*o + 9. Let m(g) = a(g) + 4*s(g). Calculate m(y).
-2
Let m(l) = 1 - 7 - 3*l - 7. Let c = 21 - 15. Let s(z) = z + 7. Let g(o) = c*m(o) + 11*s(o). Determine g(-1).
6
Let c(m) = -5*m + 9. Let j(t) = -2*t + 5. Suppose -n = -4*n - 12. Let q be 22/3 + (-2)/6. Let r(h) = n*c(h) + q*j(h). Give r(-1).
-7
Let y be (-1)/((-4)/20*1). Let c(x) = -10*x + 1. Let z(l) = -21*l + 2. Let g(a) = y*c(a) - 2*z(a). Determine g(1).
-7
Let g(r) = -2*r**2 + 6*r. Let o be -1 - (0/1 - 0). Let y = 8 - 5. Let h = y - o. Give g(h).
-8
Let a(y) = -5*y**3 + y. Let w = 13 - 14. Give a(w).
4
Let g(y) = -y + 5. Suppose 2*f = -2*v + 44, 4*v + 5*f - 62 = 31. Let b be 2/(1 + (-15)/18). Let w = v - b. What is g(w)?
0
Let c(v) = -v**2 - v. Let g(w) = w**3 - 4*w**2 + w + 2. Suppose b + 3 = 4. Let t(p) = b*c(p) - g(p). Give t(3).
-8
Let m(q) = -q**2 + 1 - 6*q - 11*q + 16*q. Determine m(-1).
1
Let w(y) = -2*y - 2. Let h = -74 - -76. What is w(h)?
-6
Let n(t) be the second derivative of 0 + 5/2*t**2 + 3*t + 1/3*t**3. Suppose -2*z - 5*h = -1 + 24, 0 = z + 5*h + 19. Calculate n(z).
-3
Suppose 4*b - 10 + 2 = 0. Let l be 2 + (-1*b - -2). Let h(q) = -l*q - 3 + 2*q - 2*q. Determine h(-2).
1
Let k = 2 - 12. Let b(x) = x**2 + 9*x - 7. Let u be b(k). Let t(l) = 2*l**2 - 2*l - 3. Determine t(u).
9
Let h be (9/(-6))/((-3)/4). Let w(u) = u + 1 - u**2 - 2*u**2 + 0*u**h. Give w(2).
-9
Let c be (9/5)/((-9)/(-30)). Let n = c + -4. Let v(y) = -y - 2 + 0 - n. What is v(-4)?
0
Let n = 2 - -2. Suppose -n*l = -2 - 6. Let q(g) be the 